
-15
(-4 - (0 + 20 - -5)) + 28 + -18
-19
What is the value of (-7 - -1) + 4 + -8?
-10
Evaluate -21 + (-1 - 6 - (-9 + -2 + 0)).
-17
Calculate -2 - (16 + 1) - (259 + -262).
-16
Calculate 26 + -9 + -22 + 18.
13
What is the value of 24 - (13 + -2 - -3)?
10
What is the value of 0 - (0 - -10) - (-1175 + 1147)?
18
(0 - 0 - (-1 + 3)) + -79 + 84
3
Calculate -9 - (38 + (-68 - -23)).
-2
Calculate (0 - (7 + 4 + -11)) + 0 + 14.
14
Evaluate (1 - 0) + -19 + -413 + 414.
-17
What is 8 + (-40 - -3) + 8?
-21
What is (-9 - (-3 + 2)) + 63 + -52?
3
What is (1 - -7) + (17 - 23 - -6)?
8
Evaluate -15 + (-2 - 3 - -19).
-1
Calculate 2 - (27 - (-5 + 4 - 6 - -15)).
-17
What is the value of (6 - (8 - 7)) + 9 - 6?
8
Calculate (69 - 72) + (8 - 1) - 4.
0
What is the value of (-10 + 3 - -17 - 28) + 9?
-9
(325 - 321) + (1 + 1 - (0 + 1))
5
Calculate -8 + 0 + -3 + -15 + 27.
1
Calculate -6 + (-11 - -8) + 2 + 3 + -1.
-5
Calculate -21 - -13 - 28 - -21.
-15
-13 - (448 + -449 - (-1 - -7))
-6
What is -15 - (-23 - (19 - 22))?
5
-40 + 9 - -7 - -32
8
6 + -2 - (0 + 6 + -5 + 0)
3
What is 28 + (63 - 59) + -11 + -2?
19
Calculate (0 - -2) + (-62 - -45).
-15
What is the value of 0 - 6 - ((0 + -6 - -3) + 3)?
-6
What is -27 + 5 + -12 + 11 + -12 + 15?
-20
Calculate (4 - (2 + 2)) + (-7 - -8).
1
Calculate (15 - (-27 - -15)) + -21.
6
What is -4 + -2 - ((5 - 16) + -1) - -16?
22
Evaluate 3 + 1 - (55 + -35).
-16
Evaluate 8 - (7 - (4 - 11)) - (-9 + 1).
2
(3 - 1) + 3 + (1045 - 1050)
0
35 + (-21 - -7) + -5
16
-21 + 1 - (1059 + -1072)
-7
What is the value of 29 + (-13 - -24) - 17?
23
Evaluate (-1 - 6) + -3 + 14 - 4.
0
Evaluate -1 + 2 - 10 - (-11 - (5 + -24)).
-17
Evaluate -21 + (17 - (1 - (1 + -8))).
-12
-27 + (0 - -34) - 1
6
What is the value of (1 - -1) + 0 + -4 + 3?
1
What is the value of 10 - (-4 + 13 + (4 - 9))?
6
Calculate (5 - 7) + -7 + 14 + -4 + 0.
1
Evaluate -14 + -9 - -2 - -46.
25
Evaluate (16 - (-4 + 7)) + -2 - 6.
5
What is 4 + (-4 + 18 - 7) + 0?
11
Evaluate 7 + -4 + (15 - 7) + -10 + 6.
7
Evaluate 3 - (-8 - -15) - (-7 + -2).
5
16 - (-2 + (-13 - 4)) - 17
18
Evaluate (1 - (-2 - -1)) + (-35 - -39).
6
Calculate 11 - ((2 - -13) + 2).
-6
What is the value of (0 - (5 - 5)) + (-5 - (2 - -3))?
-10
(20 - (27 - 4)) + -3 + 2 + 6
2
Evaluate -3 + 12 + -9 + 6 + -6.
0
Evaluate 0 + 14 + 0 - (-750 + 777).
-13
What is the value of (2 + 0 - 4) + (13 - (-5 + 0))?
16
Calculate -5 + 12 + 21 - (16 - 15).
27
What is 0 - 6 - (-15 + 23 - 1)?
-13
What is the value of -14 + -32 + 22 + 33?
9
Evaluate -9 - (-11 - (-44 + 14 + 13)).
-15
What is the value of 3 + (-9 - 0) + 23 + (-1 - -2)?
18
What is the value of -7 + (-19 + 38 + -9 - 10)?
-7
-6 + -4 + 0 - (-9 - -10)
-11
What is -5 - (-4 - -16 - (8 - (9 + -6)))?
-12
Calculate -2 + -14 + 2 - -12 - (3 - 12).
7
Calculate 1 + (-17 - -31 - 3 - (-5 + 0)).
17
What is 24 + 15 + -44 + (3 - 0)?
-2
Evaluate -5 + 9 + 6 + -1 + -11.
-2
What is the value of -20 + 1 + 4 + 35?
20
What is the value of (10 - 1) + (-286 - -236) - -15?
-26
What is 2 - (3 + -3 - 10 - (-21 - 15))?
-24
What is the value of 6 - -28 - 15 - 10?
9
(6 - (0 - 0)) + (398 - 407)
-3
0 + -1 + (-2 - 0) - (-480 - -496)
-19
(-3 - (7 - 5) - 6) + -32 - -10
-33
Calculate 1 + (-6 - 10) - -9.
-6
Evaluate 14 + -16 + 1 + -1 + -26 + 3.
-25
What is the value of 3 + (3 - 8) - -4?
2
Evaluate 2 + -12 - (1150 - 1148).
-12
What is the value of (-14 - (-1 + 7 - 13)) + 16?
9
Evaluate (0 - (-1 - -1)) + -9 - (2 + 8).
-19
Calculate 1 + 12 + -10 - (16 + -11).
-2
Calculate -2 - -16 - (0 - 1).
15
What is 2 + (-19 - -52) + -31?
4
What is the value of -41 + -13 + 14 + 29?
-11
What is the value of (6 - -42 - (-3 + 12)) + -9 - 5?
25
Evaluate (-38 - -24) + -6 - -17.
-3
Calculate 8 + (-26 - (1 + -14)) - (-2 - 1).
-2
-12 - (-38 - 11 - -25)
12
What is the value of 0 + -29 + (622 - 616)?
-23
What is the value of (-41 - -27 - -25) + -33?
-22
What is the value of (-2 - 5) + (-5 - 2 - -3 - -10)?
-1
What is the value of (-80 - -28) + 31 - -8?
-13
(3 - (-25 - -23)) + 5
10
Calculate -11 + (2 + 16 - 2).
5
Calculate (14 - 23) + 25 + 4.
20
Evaluate 28 + -26 + (13 - (6 + -2 + -1)).
12
Evaluate (-3 - -1) + -74 + 78.
2
What is the value of -2 - 8 - -4 - -3 - (-7 - 0)?
4
What is the value of -2 - (-9 + -1 + 11 + -6)?
3
What is the value of 6 - (-30 + 57) - -39?
18
Calculate 1 - -5 - (-54 - (39 - 107)).
-8
-2 + (-6 - 9 - -6)
-11
What is the value of -12 + (11 - (6 + -2) - 2) - -11?
4
Calculate -7 + (4 - (8 - 5)) + (-8 - -1).
-13
Calculate (-6 - (-1 + 9)) + (-13 - -7) + 6.
-14
-7 + -2 + -1 + 1 + 6
-3
Evaluate 10 - 27 - -12 - (-5 - 4).
4
What is 20 + 1 + (-24 - -2)?
-1
Evaluate 12 + -10 - (4 + 0 + -6 - 0).
4
What is -1 + 0 + (6 - (-10 - -13)) - 7?
-5
Evaluate (9 - -1 - 13) + 18 - 1.
14
Calculate (-254 - -249) + (-2 - -10).
3
What is (-4 + 11 - 6) + 0 + 3 + 4?
8
1 + (3 - (1 + -12 + 8))
7
What is the value of (52 - 41 - 25) + 1 + 8 - 3?
-8
(-4 - (-18 + 0) - (11 - 9)) + -4
8
What is the value of -1 + (-5 - -27) - 44?
-23
(1 - 1) + 13 + (1 - (-2 - -22))
-6
(0 - -3) + 9 + -2 + -12 - 28
-30
Evaluate 13 - (9 + -9 - (6 + -6)).
13
What is -33 - ((9 - -1) + (-487 - -480))?
-36
Calculate (-25 + 1 - -33) + (2 - 26).
-15
What is the value of (-91 - -74) + 13 + 14?
10
6 + (6 + -5 - (20 + 3))
-16
Evaluate 5 - (-2 + 49 + -2 + (20 - 23)).
-37
-25 - (-2 - (-20 - -39))
-4
Calculate -19 + (33 + -12 + 8 - -19).
29
What is (152 - 132) + -17 + -1 - -19?
21
(9 - -7) + 3 - 14
5
What is (4 - -6) + -8 + (-1 - -19)?
20
What is -3 + 0 + (0 - -2) + (108 - 103)?
4
Calculate -1 + 3 + (-11 - -22 - 26).
-13
-11 + (44 - (10 - 1)) + 4
28
Evaluate (9 - (-3 + (2 - -20))) + 26.
16
Calculate (-8 - (-1 - -5)) + (-169 - -174).
-7
-7 - 27 - (-12 + 11 - 7)
-26
What is the value of -5 + (8 + -10 - -10)?
3
What is -8 - ((21 - 20) + -3 + -2)?
-4
What is the value of 131 - 134 - (0 + 2) - (0 - 36)?
31
What is the value of -2 - (-6 + (1 - -7)) - 6?
-10
(1 + -6 + -1 - (-173 + 160)) + -4
3
Evaluate 0 + 4 - (-10 + -8 + -4 + 25).
1
What is 3 - (0 - 3) - (1 + 16)?
-11
What is -8 - (2 + 8 + (0 - (10 + -2)))?
-10
Evaluate -90 - -82 - (-1 + -6).
-1
Evaluate -34 - (-43 + -8 + 3).
14
Evaluate (-3 - (-4 - (-3 + (6 - 12)))) + 22.
14
53 - (3 + (-19 - -42))
27
(11 - (1 + 12) - 0) + 19
17
Calculate (20 + -12 - 0) + (2 - (-4 - -2)).
12
What is the value of 13 - ((-7 - 5) + 42)?
-17
Evaluate -30 + 21 + (-1 - -14) - 5.
-1
What is -20 - (-7 + -12) - 11?
-12
Calculate -2 + 8 + 3 + -40 + -3 + 6.
-28
What is the value of (-1 - -3 - (2 - 3)) + (-1334 - -1301)?
-30
What is 5 + (13 - 19) + 15?
14
Calculate -830 - -825 - (4 - 1).
-8
-4 - (-5 - -4) - (8 - 35)
24
Calculate 25 + 9 + (13 - 39).
8
What is (-8 - 1 - (-1 - 28 - -25)) + 9?
4
35 + -18 + -17 - (10 + 2)
-12
What is the value of -1 + (4 - 5) + -3 + -5?
-10
What is the value of -2 - (17 + (-41 - -7) + 0)?
15
Evaluate -12 - -16 - (-5 - -1 - -7 - -16).
-15
What is the value of (-4 - -6) + -4 + (-23 - -24) - -3?
2
What is the value of 1 + (2 - 4) + -3 - (2 - 13)?
7
(7 - -5) + 11 + -18
5
Evaluate (-2 - 0 - (-27 - (-8 + -18))) + 7.
6
Calculate (0 - (2 + -9)) + 0 - -7.
14
What is the value of 2 + -10 + (6 + 20 - 0)?
18
(-6 - (-8 + 0)) + (13 - 0)
15
Evaluate -10 + (2 - -2) + (-56 - -60).
-2
Evaluate (18 - 10) + (-6 - ((7 - 2) + 3)).
-6
Evaluate (9 - 1) + 2 + -5 + -1 + -5.
-1
What is the value of 0 + (-23 - -7) - -19?
3
What is the value of (4 - (-1 + -1)) + -3 + 3 + -7?
-1
(12 + (13 - 15) - (0 + 8)) + 22
24
Calculate 2 + (12 - -12 - 31).
-5
(-12 - 44 - -75) + (2 - 5)
16
Calculate -5 - (-5 + (4 - (-5 - 14))).
-23
Calculate 35 + (6 - 0 - (-77 + 96)).
22
Evaluate 31 + -7 + -1 - (-4 + 13).
14
What is the value of (19 - 0) + -27 + 25 + 4 + -3?
18
Evaluate (-1 + -3 - (4 + -3 - -2)) + -3.
-10
(9 - (-6 + 16)) + 24 + -3
20
-3 - -12 - (1 + 10 - 10) - -6
14
What is -1 + 19 - (39 + -11 + -20)?
10
-7 - (3 + (-7 - 1) + 18)
-20
What is the value of -5 - (-35 + 61 - 55)?
24
What is the value of 3 + (-6 - (9 - 22)) + 11?
21
-1 - (8 - 3) - (12 + -3 - 4)
-11
-3 + 2 + -6 - (-5 - -12)
-14
Calculate (17 - (-6 - -5)) + -6 + 4 + 1.
17
Evaluate (-27 + 24 - -19) + -23.
-7
Evaluate -1 + -23 - (628 - 637).
-15
Calculate 4 + 6 + (-6 - 0) - (-47 + 83).
-32
What is (4 - -3) + -82 + 79?
4
What is 20 - 24 - ((-2 - -5) + -3 - 2)?
-2
(10 + (1 - 4) + -3 - -5) + -4
5
What is (4 - -7) + (-1 - 0) + -2 + -3?
5
Evaluate 2 + 17 + -6 + 7.
20
C